d**2 + 28*d + 28. Let v be b(-12). Suppose o = 2*l + 2017, o + v - 2123 = -4*l. What is the units digit of o?
1
Suppose -7*u + 5*u = -2*z + 14, -5*z = -u - 11. Let p(f) = -289*f + 153. What is the units digit of p(u)?
7
Suppose -2*f - 3*o + 8*o = -34, 4*f = -5*o + 8. Suppose 6787 = f*y - 724. What is the tens digit of y?
7
Suppose 15 = 2*p - 3*b, 7*p - 25 = 3*p + 5*b. Suppose p = -4*g + 5 + 7. Suppose 208 = k + g*k. What is the tens digit of k?
5
Suppose -97*i = -86*i - 11033. Suppose 0 = i*f - 1009*f + 1806. What is the tens digit of f?
0
Suppose 0 = -95*d + 110*d. Suppose -44*v + 16*v + 15288 = d. What is the units digit of v?
6
Suppose 2*n - 32*n + 7*n + 1886 = 0. What is the units digit of n?
2
Suppose 251*n = 265*n - 61404. What is the hundreds digit of n?
3
Let t(q) = 2*q**2 - q + 19. Let d(k) = k**2 - 13*k - 22. Let u be d(14). Let y be t(u). Let g = y - 68. What is the units digit of g?
7
Suppose 2 = 2*h, l + 2*h - 6 = 2. Suppose l*w + 465 = 9*w. What is the units digit of w?
5
Let l = -77 + 80. Let a be (155/10 - l)*10. What is the hundreds digit of (0 + 33)/(a/30 - 4)?
1
Let k = 3447 + 7927. What is the units digit of k?
4
Let j(v) = 12*v**2 + 3*v + 7. Suppose 0 = 4*z + 20, -3 = -5*k - 2*z + 7. Let t be j(k). Suppose -t + 50 = -d. What is the units digit of d?
1
Let j(n) = 2*n**3 - 10*n**2 - 65*n + 198. What is the ten thousands digit of j(34)?
6
Let b(y) = 10*y - 232. Let j be b(24). What is the hundreds digit of 2/j - 39258/(-216)?
1
Let y = -20323 + 33395. What is the thousands digit of y?
3
Suppose -12 = -121*q + 124*q. What is the tens digit of 146 + -3 + q - -1?
4
Suppose 8 = 4*i - 2*q + q, i - 2*q = 2. Let y(h) = -356 - 4*h + 371 - i*h. What is the tens digit of y(-26)?
7
Let a(y) = y + 29. Let o be a(-19). Suppose o = 34*q - 29*q. Suppose -600 = -4*t + q*j, -t + 602 = 3*t - 3*j. What is the hundreds digit of t?
1
Suppose 2*a - 3*h - 15718 = 0, 106*h = -3*a + 105*h + 23610. What is the tens digit of a?
6
Suppose 0 = 2037*p - 2064*p + 140130. What is the thousands digit of p?
5
Let q = -207 - -128. Let t be (q/4)/(4/80). Let r = -272 - t. What is the units digit of r?
3
What is the units digit of (-578694)/(-42) - (-84)/147?
9
Let a(r) = 406*r - 37. What is the hundreds digit of a(7)?
8
Suppose 4*j - 2*j - 10 = 0. What is the hundreds digit of j/((-30)/12) - -161?
1
Let n(w) = -2*w**3 + 5*w + 2. Let r be n(-2). Let j be r/(8/8 + (-1)/(-1)). Suppose 4 = -o, -5*p + j*o + 26 = -3*p. What is the units digit of p?
5
Suppose 2*t - 22 = -y, 0 = -8*y + 5*y - 5*t + 65. What is the thousands digit of 0 + 26548/y - (-12)/20?
1
Let u = -31 + 30. Let c(h) = -7*h**2 + 4*h + 5. Let b be c(u). What is the units digit of 1*(-93)/b + 15/10?
7
Suppose 2*q - 3*w = 29833, -533*w = -535*w - 10. What is the units digit of q?
9
Let y = -27 - -20. Let g = y + 188. What is the hundreds digit of g?
1
Suppose 8*j - 19*j - 22130 = -16*j. What is the thousands digit of j?
4
Let h = 293 + -289. Suppose -53 = -2*r + 2*p + 163, 540 = 5*r + h*p. What is the units digit of r?
8
Let q(a) = -2*a**3 - 131*a**2 - 127*a + 326. What is the tens digit of q(-65)?
5
Let m(a) = -737*a - 440. What is the thousands digit of m(-7)?
4
Let p = -8159 - -9723. What is the thousands digit of p?
1
Let q be 1 + (-4 - (-13 + 2)). What is the hundreds digit of 119/(2 - -5)*(q + 3)?
1
Suppose -f - 3*f - 9*f = 0. Suppose -31*w + 30*w + 58 = f. What is the units digit of w?
8
Let h be ((-276)/(-368))/((-2)/(-8)). Suppose -x + 2696 = 4*x - h*b, 0 = -5*x + 2*b + 2694. What is the hundreds digit of x?
5
Let a be 33*(-2)/1*1. Let o = 99 + a. Suppose o*n - 36*n + 201 = 0. What is the units digit of n?
7
Let i(o) = -o**3 + 52*o**2 + 57*o - 126. Let t be i(53). Let w = t + 271. What is the hundreds digit of w?
3
Let v(b) = -103*b + 33. Suppose -3*s = 4*i + 19, 0 = -5*s + 2*i - 50 - 25. What is the units digit of v(s)?
2
Let c be (-145057)/(-77) - 1/(-7). Suppose -3*i - 3*j + c = 0, 4*i + 715 = 4*j + 3211. What is the hundreds digit of i?
6
Suppose 169231 = 16*b - 1121105. What is the thousands digit of b?
0
What is the hundreds digit of (0 + 3)*3274840/228?
0
Suppose 50*c - 150 = 40*c. What is the units digit of ((-5184)/60)/(-8)*c*2?
4
Let u(m) = 4*m**2 + 9*m + 1. Let p(i) = -i**2 - 7*i - 8. Let c be p(-5). Let s be 7/(-1)*2/(4/c). What is the units digit of u(s)?
4
Let i(v) = v**2 + 9*v - 354. What is the hundreds digit of i(-41)?
9
Let x be -4*(-3)/4 + 1. Let v be (-63 - 3)*(-2)/x. Suppose h - v - 37 = -5*k, 146 = 2*h + 4*k. What is the units digit of h?
5
Let s be ((-11)/(-3))/(2 - 78/36). Let a = s + 22. Suppose 102 = 5*d - 2*x, 20 = 5*x - a*x. What is the tens digit of d?
2
Let f(x) = 318*x - 2888. What is the hundreds digit of f(16)?
2
Let g(q) = 6*q + 4. Let p be g(4). Let f be 2*1/(-6) - (-138)/(-18). What is the units digit of 1*p - (f + 4)?
2
Suppose -43*q + 9*q + 328064 = -2*q. What is the thousands digit of q?
0
Let y = 260 - 256. Suppose -5860 = -a - y*a. What is the hundreds digit of a?
1
Let q be (-48)/(-32)*2*1. Suppose 5*s - q*x - 698 = -0*x, -2*s + 292 = 2*x. Suppose -58 = -b + 4*m, 4*b - m - s = -3*m. What is the units digit of b?
8
Let l(s) = 7*s - 19 - 26*s + 25 + 50. What is the hundreds digit of l(-3)?
1
Let n(z) = -z**3 + 7*z**2 + 8*z + 2. Let g be n(8). Suppose -g*q = -8, 0*w + 2*q = -w + 215. Let a = w + -125. What is the tens digit of a?
8
What is the units digit of -10998*2*1/(-2)?
8
Let a be 5 + (6/(-15))/(11/55). What is the tens digit of 49075/(-195)*a*-1?
5
Let a = 6214 + -2891. What is the hundreds digit of a?
3
Suppose 0 = -0*j + 7*j - 28. Suppose -2*d - 903 = -j*x + 245, 2*x - 566 = 3*d. What is the hundreds digit of x?
2
Suppose 8*c = -2*c + 4170. Suppose -3*l = -g + 224, 5*g + l - c - 735 = 0. What is the hundreds digit of g?
2
Let j(z) = -z**3 + 12*z**2 - 10*z + 7. Let c = -110 - -113. Suppose 28 = c*t + o, -t - 2*o + 20 = t. What is the tens digit of j(t)?
6
Let n be (-1863)/(-8) + 1/8. Suppose -5*x + 2*p = -815, -2*x - 4*p = 3*x - 845. Let r = n - x. What is the tens digit of r?
6
What is the tens digit of (3 + 0 + -7 - -3)*-799?
9
Let s = 2354 + -363. What is the hundreds digit of s?
9
Let i(q) = 10*q - 92. Let b be i(11). Suppose -2107 = -b*s + 413. What is the tens digit of s?
4
Let w be (-6)/(-3)*(0 - 2). Let o be -4*(w - 3*-2). What is the units digit of ((-220)/o*1)/((-1)/(-2))?
5
Suppose 0 = -298*b - 322*b + 14719420. What is the tens digit of b?
4
Suppose -7*x - 62 = -38*x. Suppose -x*n = -350 - 1348. What is the hundreds digit of n?
8
Let k be 1/((-14)/(-4)) + 138/7. Suppose t + k = -3*t. Let m(b) = b**3 + 5*b**2 - 12*b - 7. What is the units digit of m(t)?
3
Suppose -5*t + 19315 = -99*i + 94*i, -t - 3*i + 3875 = 0. What is the units digit of t?
6
Let m = 10258 + 4854. What is the ten thousands digit of m?
1
Suppose -3*a - 4 = 5*k - 4*a, 4*k - a = -4. Let l(r) = 3 + 1 + 22*r + k. What is the tens digit of l(5)?
1
Let v(c) = -64*c - 47 - 5*c**2 - 19*c + 3*c**2 + 18*c. What is the hundreds digit of v(-18)?
4
Suppose -3*d + 7827 = 4*y - 30595, -4*y - 4*d = -38424. What is the hundreds digit of y?
6
Let x(o) = -o**3 + 7*o**2 - 4*o - 7. Let p be x(6). Suppose -3480 = -58*q + 54*q - 3*k, 2*k + 4327 = p*q. What is the tens digit of q?
6
Let q be 32/3*(-3)/36*27. Let i(c) = -3*c**2 - 101*c - 32. What is the tens digit of i(q)?
6
Let l(h) = 17*h**2 + 5*h + 5. Let m = 7 - 9. Let x be l(m). Let d = x + -15. What is the tens digit of d?
4
Let q(h) = -2*h**3 + 1807. Let f be q(0). Let j = 1275 - f. Let s = 769 + j. What is the hundreds digit of s?
2
Let d = 20 - 16. Suppose 30*b - 32*b + d = 0. Suppose -5*u + 139 = b*j, j = u + u + 56. What is the units digit of j?
2
Suppose -99*o + 6*o = 7*o - 594000. What is the hundreds digit of o?
9
Suppose 3*h - 7 - 5 = 0. Suppose 11*g + h*g - 45 = 0. Suppose -1730 = -5*k + g*i - 731, -3*i - 801 = -4*k. What is the tens digit of k?
9
Let o(b) = 17*b + 62. Let z be o(-7). Let a = -37 - z. What is the tens digit of a?
2
Let i(o) = 110*o - 119. Suppose -32 = 22*c - 30*c. What is the units digit of i(c)?
1
Suppose -46*w + 207 = -713. Suppose -y + 131 = 3*u, 0 = 24*y - w*y - 20. What is the units digit of u?
2
Suppose 4*v + x - 1355 = 0, 5*v - 1359 = v + 3*x. Let j = 15846 + -15248. Let b = j - v. What is the tens digi